 (64 + -34 - -4) + -4.
30
-4 - -18 - (-9 + 14)
9
(-1 - -28) + (6 - -2 - (-4 + 18))
21
Calculate -20 + (22 - 10) + -9.
-17
Evaluate 2 + 10 - 3 - (3 - 4).
10
What is -5 - (-12 + 9) - -14?
12
What is 670 + -680 - ((-2 - -2) + -2 + 0)?
-8
Evaluate 1 + (1 + -7 - (2 + -9)).
2
What is the value of 2 + -28 + -50 + 68?
-8
Evaluate -12 - 0 - (162 + -158).
-16
What is 7 + 18 + -7 + -29?
-11
Calculate 11 - (6 - (0 - -1) - 3).
9
What is (-104 - -123 - (-3 - 10)) + (0 - -2)?
34
Evaluate 20 - (-6 - -20 - 1).
7
What is the value of (11 + 0 - 9) + -1 + 2 - 15?
-12
Evaluate 31 - (-14 + -1 - (6 + -19)).
33
What is 13 + 11 + -32 - 6?
-14
Calculate 6 - (29 + (-34 - -25)).
-14
What is the value of 8 + (-8 - -32) + -50?
-18
What is 7 + (0 + 1 - -3) + (-1 - 6)?
4
What is -1 + 7 + 0 + -4 + -16 + 22?
8
0 + 11 + -1 - (-56 - (22 - 68))
20
What is (-121 - -121 - (0 + 27)) + (-4 - -4)?
-27
What is 21 + (2 - 11) + -8?
4
What is the value of (4 - -4) + (-13 - -7) + (1 - 0)?
3
Calculate 3 + -9 + -3 + -1 - (-13 + -25).
28
404 - 428 - (-57 - 2)
35
What is 5 - ((235 - 221) + 0 + 8)?
-17
What is the value of 9 - (4 + (-8 - -19))?
-6
What is (0 - 30 - (-46 - -58)) + 9 - -9?
-24
Calculate -6 - (-2 - (9 + -8) - -16 - -1).
-20
Calculate -20 + (27 - (30 + -52)).
29
What is -1 + 3 + (-1384 - -1396)?
14
What is the value of 33 + 0 - (657 - 600)?
-24
What is (-10 - -5) + -4 + 8 - -3?
2
Calculate 7 + -24 + (21 - 3) + (0 - -13).
14
(-28 - -3) + 50 + -37
-12
What is (-35 - (-32 - 0)) + 10?
7
What is (1 - 15) + (150 - 137)?
-1
Calculate -40 + -30 + (-12 - -29) + 14.
-39
-4 + 12 + (18 - 14)
12
What is -16 - 11 - -20 - -14?
7
-4 - (-6 + 12 + -7 + 3 + 6)
-12
What is the value of (-10 - 10) + (4 - (-4 + -2))?
-10
Calculate 23 - (8 + (-8 - -6)).
17
-10 - -4 - (23 + -34)
5
Calculate 24 + -48 - -12 - (-6 + 1).
-7
Evaluate (-3 - -4) + -6 + (-4 - -34).
25
5 + -1 + 3 - (-306 + 324)
-11
Evaluate 1 - (-7 + 17 + -13).
4
8 - (4 + 8 + -27 - -10)
13
What is -10 - -4 - (1 + -1 - (-17 + 22))?
-1
Calculate (16 + -23 - 19) + 11.
-15
Calculate (-18 - 13 - -4) + 16.
-11
Calculate 4 + (4 - (-8 - -17)) + -9.
-10
Calculate (171 - 147) + (-2 - 8).
14
What is 7 + 0 - ((-4 - -29) + (-118 - -109))?
-9
What is the value of -11 - -2 - (18 - 23)?
-4
Evaluate 17 + -15 + (10 - 26).
-14
10 + (11 - (10 - -4) - -7)
14
What is the value of -3 + -8 + -2 + (13 - 19)?
-19
Calculate 12 + -8 + -20 + (0 - -3) + 0.
-13
14 + 2 - 3 - (55 - 53)
11
Evaluate -5 + -2 + 1 + (-12 - (29 - 52)).
5
Evaluate -7 - (10 - (1 + (16 - 11))).
-11
Calculate (67 - 86) + (10 + (-4 - -5) - 2).
-10
What is the value of (-21 - (-16 + -9)) + (-2 - -19)?
21
What is 5 + (-11 - -8) - (-5 - (-6 - 5))?
-4
Evaluate 0 + -28 + (-3378 - -3409).
3
-34 + 9 + -17 + 35 - 15
-22
Evaluate (-3 - -2) + (1 - -1) + -740 + 720.
-19
What is 18 + (15 - 21) - 10?
2
Calculate 48 - -1 - (-16 + (25 + 24 - 22)).
38
What is -1 + 1 + -1 - (63 + 4 - 50)?
-18
What is the value of 2 + (7 - 17) + -2 - -16?
6
Evaluate -9 - (-12 - -9 - -3 - -5).
-14
Evaluate -1 + (14 - (-10 - -21)).
2
What is the value of -3 + -10 + 67 + -31?
23
9 + (0 - 3) - (19 - (9 + -11))
-15
What is the value of -2 + 5 + -6 + 9 + (60 - 28)?
38
What is -2 + 4 + -2 + 7 + -48 + 3?
-38
Evaluate 7 + -15 + 11 + -2 + -8.
-7
What is the value of 11 - (-17 - -15) - 13?
0
What is the value of (3 + -1 - -4) + -6 - -4?
4
What is (-48 + 65 - (2 + 11)) + 2 + 18?
24
Evaluate -8 - -2 - (-26 - -26).
-6
What is 10 + 1 + (-9 - 15) + 9 + 1?
-3
What is 5 + (-57 - -24) + 28?
0
Calculate -71 - -32 - (0 + -11).
-28
What is (-10 - (46 - 35 - (2 + 4))) + 6?
-9
What is -496 + 511 - ((0 - -1) + (5 - 0))?
9
Calculate 39 - (21 - -13) - ((1 - -1) + -11).
14
What is the value of (1013 - 1058) + ((-3 - -7) + -1 - -6)?
-36
Calculate -24 + 27 - 5 - 12.
-14
Evaluate -14 - (-5 + 1 - (125 + -122)).
-7
What is the value of -23 + (-5 - -29) + -15?
-14
Calculate 436 + -435 + 6 + -1.
6
What is the value of -2 - (-3 - -3) - ((8 - -7) + -7)?
-10
Evaluate 10 + -1 + (-120 - -118) + 0 + 0.
7
What is the value of (-77 - -62) + (8 - 4)?
-11
What is the value of -23 - -7 - (1 + 5 + -15)?
-7
Calculate 19 + -4 + -12 + 5 + -1.
7
-4 + (-10 - (0 - 1 - 3)) + 5
-5
(1 + 14 + 9 - 7) + -4
13
What is 28 + -1 - (51 + -25 - 22)?
23
What is (3 - (8 + -9 - 7)) + -7?
4
What is the value of 1929 - 1923 - (23 - (1 + 0))?
-16
What is -9 + 7 + 5 + 0 + 8?
11
Evaluate (0 - 2) + 46 + 149 + -161.
32
Evaluate 4 - 22 - (18 + -36).
0
Calculate -1 + 20 + -5 + 17 + -9.
22
What is 0 - (-13 + 8 - 5)?
10
Calculate 365 + -365 - (1 - (-1 + 0) - 3).
1
Calculate (-47 - -23 - -42) + -13.
5
3 + (1 - (10 + -17)) + -7
4
What is the value of 79 + -33 + -31 + -35?
-20
Calculate (-1 - 1) + (-72 - -71) - -8.
5
Calculate 6 + (-3 - (-3 + (-7 - -1)) - 20).
-8
What is 8 + 0 + (-3 - (-11 + 5 + 0))?
11
What is the value of -4 - (1 - 0) - (-9861 - -9867)?
-11
What is the value of -11 + (15 - (-21 - -15))?
10
Calculate 2 + -9 - (1 - (-6 + (4 - -9))).
-1
What is -16 + (15 - -17) + (0 - -6)?
22
-5 + (7 - 0) - (-2 + 12)
-8
What is -5 + 3 - (37 + -22)?
-17
14 + (-11 - (-4 + 4)) - -11
14
What is the value of (-6 - (-7 - -3)) + (0 - 2)?
-4
Calculate -63 + 53 - (-15 + 3).
2
What is the value of (-42 - -6) + 26 + -6?
-16
What is the value of (1 - 1 - (16 - (-1 - -18))) + -27?
-26
What is -4 + 0 - (-3 + (27 - 27))?
-1
What is the value of 4 + (19 - (-23 - -43))?
3
What is 2 + (2 - 14) - (13 + -1)?
-22
Evaluate 49 + -22 + -15 - (-2 + 8).
6
What is the value of -10 + 27 + (-2 - 2) + 7?
20
Evaluate -22 + -1 - (1 + -48).
24
What is 4 - (-4 - -5 - -1 - -4) - -17?
15
What is -122 + 107 + (5 - 0 - 2)?
-12
Evaluate -6 + 4 + -1 + (1 - -2 - -3).
3
Evaluate 271 + -247 + (-21 - -3).
6
What is the value of -3 + 3 - (25 + -16 + 8)?
-17
What is the value of 1 + 23 + -8 + -19 - -31?
28
What is the value of -34 + (26 - 0 - (240 + -228))?
-20
(48 - 31) + (4 - 6 - 3)
12
4 - (-6 + 5) - 12 - (45 - 38)
-14
Evaluate -5 - (-1 + 2) - (20 - (-44 + 77)).
7
What is -5 - (-14 + -1 - -5) - (-4 - 6)?
15
What is 8 - (-5 + 19 + 4)?
-10
Calculate -15 + (2 - -12) + -16.
-17
What is 28 - (19 + (-23 - -32))?
0
Calculate -21 + (-18 - -35) + -8.
-12
1 - (-9 + 19 - (-1 + 6) - 6)
2
8 + 1 - (28 + -4 + -9)
-6
What is the value of 24 - 7 - (67 + -42) - (-1 + -9)?
2
Evaluate -16 - (-22 + 26) - -3.
-17
What is the value of -2 - 4 - 0 - (9 + -1 + -14)?
0
Calculate 9 + 17 + -1 + (3 - -7) + -6.
29
What is the value of -4 + 3 + 5 - 1 - (0 - 16)?
19
What is -5 - (16 - 10) - (-1 + 5)?
-15
Evaluate (7 - (4 - -12)) + 8.
-1
-2 - -27 - (-6 - 5)
36
Evaluate -10 + -2 - (14 - (-10 + 26)).
-10
-8 - (-18 + (-14 - -32))
-8
Calculate -6 - (-3 - -8) - -14.
3
Evaluate -4 + 23 - (0 - (-9 - (1 + -6))).
15
What is 23 - (-8 + 14) - 12 - 22?
-17
10 - 5 - (24 - 24) - 31
-26
Calculate 3 + (32 - 26 - 1).
8
Evaluate -2 + 10 + 2 + -3 + (-35 - -56).
28
What is -6 + -1 + -6 - -8?
-5
Calculate 25 + -14 + (54 - 31).
34
-11 - (-8 + (-6 - 4))
7
Calculate 7 + (8 - (15 + -9) - -1).
10
What is -4 + 10 + (0 - -14) + -11?
9
Calculate (-4 - 1) + 30 - 43.
-18
7 - (2 - (4 - -8) - -14)
3
Calculate (-24 - -5) + (57 - 24).
14
Calculate -2 - -12 - -2 - (16 - -10).
-14
What is the value of -14 - -35 - (-3 + 10 + 3)?
11
What is -11 - (-3 + 0) - (137 - 142)?
-3
Evaluate 2 + -2 + 14 + (130 - 132).
12
What is the value of -21 + (19 - (20 - 9))?
-13
Evaluate -9 + (-11 - -10) + 1.
-9
1 + (8 - (9 - (-9 + 15))) - 2
4
What is (32 - (-4 - (0 + -3))) + 10 + -19?
24
Evaluate (-21 - (8 - 4) - 4) + 19 + -14.
-24
Evaluate -3 - (4 - 7 - -9) - (-2 - 25).
18
What is 2 + 14 - (-10 + 2 + 13)?
11
-8 + 3 - (-22 - -6 - 4)
15
Evaluate 13 + (-33 - -7) + -1 + (-7 - -1).
-20
Evaluate (12 - (-2 - -28)) + (16 - 9).
-7
What is (-1 - -10) + -15 + -5 - 6?
-17
What is -1 + -3 - (-3 + -2 + -7 - 5)?
13
What is the value of 13 - (26 - 23) - (0 + 8)?
2
What is the value of 1 + 6 + 14 + (34 - 41)?
14
Calculate 2 - ((-7 - (5 + -2)) + 7).
5
What is the value of (14 - (4 - -18)) + -9 + 7?
-10
-9 - (-16 + 9) - 7
-9
What is -388 + 398 + (-1 - 3)?
6
What is (-51 - -83) + (-17 - -1)?
16
Evaluate 19 + (-12 - -1) - (-6 + (-3 - -2)).
15
Evaluate -6 - (4 - 19) - (12 - -2).
-5
What is the value of 6 - (-11 - -7) - (5 - 6)?
11
What is 1 + -3 + -125 + 122?
-5
What is the value of -51 + 49 + 1 + -1 + 3 + 11?
12
What is -20 + -1 + 20 - (3 - (23 - -2))?
21
Evaluate -66 + -